What is the units digit of k(-17)?
8
Let i(k) be the third derivative of -k**6/120 - 7*k**5/30 - k**4/24 + k**3/3 + k**2. Suppose -5*c - 97 + 27 = 0. What is the tens digit of i(c)?
1
Suppose -6*g = -19 - 5. Suppose 0 = 5*v + 5*u - g*u - 143, -u - 89 = -3*v. What is the tens digit of v?
2
Suppose w + 4*s - 536 = -3*w, 0 = -4*w - 5*s + 532. Suppose 420 = 9*k - w. What is the units digit of k?
2
Let f(u) = u + 27. Let r be f(-23). Suppose 4*n - 97 = -h, 202 + 203 = 5*h + r*n. What is the tens digit of h?
7
Let z(j) = 3*j + 1. Let y be z(1). Let q(p) be the first derivative of p**3 - 3*p**2/2 - p - 10. What is the units digit of q(y)?
5
Suppose 252 + 628 = 10*h. What is the tens digit of h?
8
Let v(r) be the second derivative of -5*r**3/3 - 6*r**2 - 7*r. Let q be v(-4). Suppose -q - 32 = -4*h. What is the units digit of h?
5
Suppose 15 = -3*r + 3*f - 0*f, -2*r - 14 = -3*f. Let c(g) = 61*g**2 + 3*g + 3. What is the tens digit of c(r)?
6
Let l(j) = -j**3 + 6*j**2 + 7*j + 5. Let w be l(7). Suppose -3*q + 2*x = -w*q + 46, 69 = 3*q + 5*x. What is the tens digit of q?
2
Suppose 31 = -2*a + 141. Let h = 195 - a. What is the units digit of h?
0
Suppose 10*l - 8*l = -5*p + 2542, 4*l - 5068 = -2*p. What is the hundreds digit of l?
2
Suppose 1530 = 25*d - 15*d. What is the tens digit of d?
5
Let y be 6/(-9) - 6/(-9). Suppose 44 = 2*t - y*t. Suppose -2*q = -4*q + t. What is the units digit of q?
1
Suppose -u - 17 = -5*g + u, 5*g - 9 = 4*u. Suppose -g*l + 2*l = -105. What is the tens digit of 2/(-5) + 1064/l?
3
Let d(n) = -4*n + 16. Let r be d(-20). What is the units digit of (-1762)/(-11) - (r/(-66))/(-8)?
0
Let n be 2/(185/190 + -1). Let u = 129 + n. What is the tens digit of u?
5
Suppose -k + 0*o = 2*o - 6, -3*k = o - 18. Let s(c) = -c + 2*c + k*c + 1 + 10*c. What is the tens digit of s(1)?
1
What is the hundreds digit of (1*2/(-4))/(2/(-748))?
1
Let h = 23 - 31. Let y = h + 17. What is the units digit of y?
9
Let s(i) = i**3 + 11*i**2 + 2*i - 78. Let u be s(-10). Let a be 0/(1/(-2)*-2). Suppose a = -u*n + n + 30. What is the units digit of n?
0
Let u = 1858 + -931. What is the units digit of u?
7
Suppose 26*o - 17*o = 9774. What is the tens digit of o?
8
Let d(y) = y**3 + 15*y**2 - 16*y + 3. Let n be d(-16). Suppose 3*w - 228 = 3*p, 6*p - n*p = 5*w - 386. What is the units digit of w?
9
Suppose v + 83 = -2*k, 3*v = 2*k - 6*k - 243. Let d = 141 + v. What is the tens digit of d?
6
Suppose 5*i - 619 - 3526 = 0. What is the units digit of i?
9
Suppose -11*h - 6*h = -1870. What is the tens digit of h?
1
Let t = -20 - -24. Suppose -7*g = -6*g - t. Suppose 7 + 25 = g*u. What is the units digit of u?
8
Let x = 709 + -416. What is the units digit of x?
3
Let a(q) = -q + 8. Let m be a(10). Let k be (m + 0)*-3 - 1. Suppose 12 - 52 = -k*g. What is the units digit of g?
8
Suppose 133 = d - 5*y, -5*d + 497 = 2*y - 87. What is the units digit of d?
8
Suppose 7 + 13 = 2*a. Suppose f + a = -17. What is the tens digit of (-453)/f + 2/9?
1
Let c(n) = -451*n + 18. What is the units digit of c(-1)?
9
Suppose c = -2*u + 705, 0*u = 2*u - 3*c - 725. What is the units digit of u?
5
Suppose 0 = -3*k + 4*z + 4476, -4*z - 1323 = -k + 177. What is the thousands digit of k?
1
Let c(y) = 694*y**2 - 8*y - 8. What is the hundreds digit of c(-1)?
6
What is the tens digit of (-1)/(-3)*(2023 + (-1 - 0))?
7
Let r = -133 - -301. Let x = r + -119. What is the units digit of x?
9
Let v be (0 - -2)/(10/40). Suppose 75 = -v*q + 3*q. What is the tens digit of (-3)/q + (-94)/(-5)?
1
Let r(t) = t**3 - 24*t**2 - 25*t + 33. Let p be r(25). Suppose -5*u = m + 9, 5*m - u - p = -0*u. What is the units digit of m?
6
Suppose v + 28*q - 26*q = 864, -2583 = -3*v - 3*q. What is the units digit of v?
8
Let z be 1/6 + (-3695)/30. Let g = z + 87. What is the units digit of (g/(-30))/((-6)/(-80))?
6
Let a(f) = f**3 + 4*f**2 - 2*f - 1. Let g = -6 + 10. Let w = 0 - g. What is the units digit of a(w)?
7
Let u = 41 + -18. Let d = 5 - 3. Let v = u + d. What is the tens digit of v?
2
Suppose -4*w + 7 = -1. Suppose -4*h + h = -5*g - 12, 4 = h - 2*g. Let n = h + w. What is the units digit of n?
6
Let k = 2745 - 1605. What is the units digit of k?
0
Let r(w) = w**3 + 8*w**2 + w + 12. Let o be r(-8). Suppose o*v = 367 - 27. What is the tens digit of v?
8
Suppose 2*y + s = -0*s + 1834, 0 = -4*y + 2*s + 3684. What is the units digit of y?
9
Let f = 9 + -22. Let a be 30 - (0 + -1 + -1). Let t = a + f. What is the units digit of t?
9
What is the thousands digit of (20 + -18)*(2 - -1395)?
2
Let o be (10/(-6) + 1)/(8/(-1212)). Suppose 0 = c + 2*n - o, 0 = -4*c + 2*n + 272 + 172. What is the tens digit of c?
0
Suppose 4*l - 5*x + 0 - 7 = 0, 4*x - 4 = 0. What is the units digit of (6 + l + -65)*6/(-7)?
8
Suppose -4*z = -b + 56, 4*b - 159 = 2*z + 9. Let d = b + -15. Let c = 49 - d. What is the tens digit of c?
2
What is the tens digit of 24/84 - 8704/(-14)?
2
Suppose -12*f + 3663 = -9717. What is the hundreds digit of f?
1
What is the tens digit of ((-22240)/24 + 4/(-6))*-3?
8
Suppose 4*f + 159 = f. Let k = -23 - f. Suppose 3*t - k = -3*t. What is the units digit of t?
5
Let q = -292 - -158. Let u = q - -237. What is the hundreds digit of u?
1
Let j(z) = -15*z. Let h be j(-2). Suppose -4*m + h = -2. What is the tens digit of (m/(-6))/(6/(-99))?
2
What is the units digit of (1 - (-44)/16)*3264/18?
0
Let l = -301 - -1031. What is the units digit of l?
0
Let x be -1 + -6*(-381)/6. Suppose -10*p + x = -5*p. What is the units digit of p?
6
Let b be (-2)/(-12) + 1131/18. Let i = -44 + b. What is the tens digit of i?
1
Let z(a) = 3*a**2 - 8*a - 77. What is the tens digit of z(-6)?
7
Let m(u) = -u**2 - 11*u - 5. Let w be m(-10). Suppose w*x - 410 = -60. What is the units digit of x?
0
Let n = -535 + 922. What is the tens digit of n?
8
Let f(t) be the third derivative of -13*t**4/24 - 2*t**3 - 12*t**2. Let h(l) = 12*l + 11. Let u(s) = -5*f(s) - 6*h(s). What is the units digit of u(-6)?
6
Let d(v) = -v**3 + 2*v**2 + 4*v - 4. Suppose -2*z + 224 = 64. Let c be z/48*(-6)/(-5). What is the units digit of d(c)?
4
Let y(t) = -t**2 - 6*t + 14. Let s be y(-8). What is the units digit of (43 - -17)*(-1)/s?
0
Let v be 4*(-3)/(-36)*6. Let d(n) = -10 - 7 + n**3 - 13*n + 4 + 9*n**v. What is the tens digit of d(-10)?
1
Suppose -4*p - z + 3 + 15 = 0, z - 22 = -5*p. Suppose -3*f + 0*f - 64 = -5*g, -p*g + f = -54. What is the units digit of g?
4
Suppose 6*d = 9*d + 9. What is the units digit of d/2 - 357/(-14)?
4
Let b = 207 - -184. What is the tens digit of b?
9
Suppose -18 = -3*l + 4*q, 0 = -0*l + 2*l + q - 12. Let d be ((-10)/15)/(l/(-27)). Suppose -d*f = -12, c + 175 = 4*c - 2*f. What is the units digit of c?
1
What is the units digit of (42/15)/(5/200)?
2
What is the tens digit of ((1 - 6) + 0)/(44/(-8228))?
3
Let p = -12 - -10. Let a be (-2333)/(-9) + p/9. What is the units digit of a/(-35)*5/(-1)?
7
Let c(m) = -11*m**2 - m. Let s(b) = -10*b**2 - b. Let r(u) = 4*c(u) - 5*s(u). Let a be r(-1). Let z = a - -9. What is the tens digit of z?
1
Suppose -4*w + 8 = 4*s, 0*w + 2 = -s + 3*w. Let a(r) = 6*r - 6*r + 2*r**2 + 0*r. What is the units digit of a(s)?
2
Let j(t) = 6*t**2 + 525. What is the units digit of j(0)?
5
Suppose -p = 3*a - 143, p + 1 = 6. Suppose 4*d - a = -2*g, 4*d - 3*d - 3*g + 6 = 0. What is the units digit of d?
9
Let y(r) = -10*r - 43. What is the units digit of y(-11)?
7
Let r(l) = -197*l + 460. What is the thousands digit of r(-13)?
3
Suppose 55 = -8*d + 3*d. Let h(m) = -m**3 - 12*m**2 - 10*m + 14. Let k be h(d). Suppose -16 = -k*c + 11. What is the units digit of c?
9
Suppose -t + 3 = 5*s, -5*t + 15 = -4*s - s. Let h = 48 + -12. Let z = h - t. What is the units digit of z?
3
Suppose 0 = 4*q + q - u - 15, 12 = 4*q - u. What is the tens digit of ((-1155)/(-4))/q + (-3)/12?
9
Let r(d) = -d**2 - 9*d - 4. Let p(t) = 2*t**2 + 19*t + 8. Let w(u) = 3*p(u) + 7*r(u). Let i be w(-6). Let v = i - -21. What is the tens digit of v?
1
Let h be 1/(3/(-9)) + 5. Let r(w) = -3*w + 1 - 8 - w**2 - 13*w - w**h. What is the units digit of r(-7)?
7
Let q be (4/(-8))/((-1)/(-14)). What is the tens digit of (-131)/(-2) + q/14?
6
Suppose a + 2*q = -0*a + 466, -4*a = -q - 1837. Suppose 20*w - 15*w - a = 0. What is the units digit of w?
2
Let n = -1222 + 1351. 